{"id":2,"date":"2015-12-22T07:07:04","date_gmt":"2015-12-22T06:07:04","guid":{"rendered":"http:\/\/xdast.abcde.biz\/wordpress\/?page_id=2"},"modified":"2026-04-02T08:52:24","modified_gmt":"2026-04-02T06:52:24","slug":"beispiel-seite","status":"publish","type":"page","link":"https:\/\/www.b12-kassel.de\/","title":{"rendered":"B 12 &#8211; Verein zur F\u00f6rderung gemeinschaftlichen Wohnens e.V."},"content":{"rendered":"\n<p class=\"has-text-align-left has-white-background-color has-background\"><br>Wir haben eine Wohnung frei.<a href=\"https:\/\/www.b12-kassel.de\/?p=290\" data-type=\"link\" data-id=\"https:\/\/www.b12-kassel.de\/?p=290\"> Hier mehr Infos. <\/a><\/p>\n\n\n\n<p class=\"has-text-align-left has-white-background-color has-background\">Der Verein <strong>B 12 Verein zur F\u00f6rderung gemeinschaftlichen Wohnens e.V.<\/strong> in Kassel wurde im Fr\u00fchjahr 2008 gegr\u00fcndet. F\u00fcr die Namensgebung stand die Adresse unseres ersten Wohnhauses in der Bardelebenstra\u00dfe 12 Pate. Der Verein B 12 hat die F\u00f6rderung des gemeinschaftlichen Wohnens f\u00fcr Frauen zum Ziel. Wir legen gro\u00dfen Wert heute und auch in Zukunft f\u00fcr einander da zu sein, Netzwerke zu bauen und uns im Lebensalltag bis ins Alter zu unterst\u00fctzen.<\/p>\n\n\n\n<p class=\"has-text-align-left has-white-background-color has-background\"><br>In dem neuen Kasseler Baugebiet <em><strong>zum Feldlager<\/strong><\/em> in Kassel Harleshausen hat B 12  eine innovative, nahezu einzigartige und zukunftsweisende Wohn- und Lebensform f\u00fcr Frauen geschaffen. Es handelt sich um eine gemeinschaftliche und solidarische Wohnform, bei der die Belange gemeinsam getragen und auch finanziert werden. Unsere Wohnform ist ein Konzept, das neue Wege f\u00fcr Weiterentwicklung und Umgestaltung von Wohnquartieren aufzeigt, damit dort Frauen aller Altersstufen, mit unterschiedlichen Lebensstilen und unterschiedlicher Herkunft zusammen leben k\u00f6nnen.<br><br><br>Wir haben eine Wohnung frei.<a href=\"https:\/\/www.b12-kassel.de\/?p=290\" data-type=\"link\" data-id=\"https:\/\/www.b12-kassel.de\/?p=290\"> Hier mehr Infos. <\/a><\/p>\n\n\n\n<p><\/p>\n\n\n\n<p><\/p>\n\n\n\n<h2 class=\"wp-block-heading\"><\/h2>\n","protected":false},"excerpt":{"rendered":"<p>Wir haben eine Wohnung frei. Hier mehr Infos. Der Verein B 12 Verein zur F\u00f6rderung gemeinschaftlichen Wohnens e.V. in Kassel wurde im Fr\u00fchjahr 2008 gegr\u00fcndet.&hellip;<\/p>\n","protected":false},"author":1,"featured_media":0,"parent":0,"menu_order":0,"comment_status":"closed","ping_status":"open","template":"","meta":{"footnotes":""},"_links":{"self":[{"href":"https:\/\/www.b12-kassel.de\/index.php?rest_route=\/wp\/v2\/pages\/2"}],"collection":[{"href":"https:\/\/www.b12-kassel.de\/index.php?rest_route=\/wp\/v2\/pages"}],"about":[{"href":"https:\/\/www.b12-kassel.de\/index.php?rest_route=\/wp\/v2\/types\/page"}],"author":[{"embeddable":true,"href":"https:\/\/www.b12-kassel.de\/index.php?rest_route=\/wp\/v2\/users\/1"}],"replies":[{"embeddable":true,"href":"https:\/\/www.b12-kassel.de\/index.php?rest_route=%2Fwp%2Fv2%2Fcomments&post=2"}],"version-history":[{"count":12,"href":"https:\/\/www.b12-kassel.de\/index.php?rest_route=\/wp\/v2\/pages\/2\/revisions"}],"predecessor-version":[{"id":312,"href":"https:\/\/www.b12-kassel.de\/index.php?rest_route=\/wp\/v2\/pages\/2\/revisions\/312"}],"wp:attachment":[{"href":"https:\/\/www.b12-kassel.de\/index.php?rest_route=%2Fwp%2Fv2%2Fmedia&parent=2"}],"curies":[{"name":"wp","href":"https:\/\/api.w.org\/{rel}","templated":true}]}}